201000 + -11?
-22022110201011
In base 13, what is 29b23a2 - -5?
29b23a7
In base 4, what is 2 - -20231010333112?
20231010333120
In base 2, what is -1001100101110110010111100 + -100?
-1001100101110110011000000
In base 7, what is 2062562013 + -2?
2062562011
In base 8, what is -42373 + 21231?
-21142
In base 8, what is -126205566 - 4?
-126205572
In base 6, what is 5 - -2511340?
2511345
In base 5, what is -11412 + -1024202?
-1041114
In base 5, what is 232030232441 + 12?
232030233003
In base 16, what is db0c - -122?
dc2e
In base 2, what is -100 + -10101100001110111?
-10101100001111011
In base 12, what is -7b62 + 10ab?
-6a73
In base 10, what is 40 + 1025637?
1025677
In base 8, what is 11 + -44217153?
-44217142
In base 6, what is 51345 - 20135?
31210
In base 12, what is -8a7 - 3439?
-4124
In base 2, what is -100011001 + -10100111101011000?
-10101000001110001
In base 5, what is -32120222 + -142?
-32120414
In base 6, what is 21412 + -452143?
-430331
In base 13, what is -105b85 - -3bb?
-105797
In base 11, what is 7319 - 17096?
-a878
In base 13, what is 0 - -4970458?
4970458
In base 12, what is -122b624 + -3?
-122b627
In base 2, what is -10000000101110 - 10100110011000?
-100100111000110
In base 14, what is 15b7 - -35013?
365ca
In base 8, what is -7702 + 4403?
-3277
In base 16, what is 9 + f316b8?
f316c1
In base 5, what is -103 - 4223431?
-4224034
In base 12, what is -3 + 21964?
21961
In base 7, what is 5261414 - 15?
5261366
In base 7, what is -144 - 13406362?
-13406536
In base 12, what is -21b98b1 + 5?
-21b98a8
In base 4, what is 3 + -11200323121?
-11200323112
In base 9, what is 4 - -4557643?
4557647
In base 12, what is 4 - -474a8ab?
474a8b3
In base 14, what is -4 + 1509baa?
1509ba6
In base 16, what is 1e19 + -10ce?
d4b
In base 15, what is 1bd6382 + -1?
1bd6381
In base 3, what is 1220111012102 + 11212?
1220111101021
In base 6, what is -125513 + 10350?
-115123
In base 4, what is 131000033 + -101?
130333332
In base 2, what is 11 - -1010011000011110000111100000?
1010011000011110000111100011
In base 5, what is 2 - 14134044022?
-14134044020
In base 15, what is -575 + -683c?
-6db2
In base 16, what is 1009d27 + 3?
1009d2a
In base 6, what is -15142 - 255355?
-314541
In base 8, what is -105 + 174161?
174054
In base 13, what is 0 + -74112?
-74112
In base 15, what is -5 - -1724379?
1724374
In base 9, what is 4 - 408613334?
-408613330
In base 9, what is -18866845 + -100?
-18867045
In base 2, what is -1010010 + -10101000010010010?
-10101000011100100
In base 11, what is -253042 + 357?
-252796
In base 13, what is -2429c356 - -4?
-2429c352
In base 14, what is 3994 - 9a4a?
-6096
In base 6, what is -4 - 3033?
-3041
In base 13, what is 55 - 29239?
-291b4
In base 11, what is -23 - -67852?
6782a
In base 6, what is 1 - 54450004?
-54450003
In base 8, what is 12 - 237275?
-237263
In base 8, what is 34 - 37546277?
-37546243
In base 5, what is 1000 - -232033243?
232034243
In base 4, what is -122110021 - 103132?
-122213213
In base 14, what is -1998266 - -4?
-1998262
In base 16, what is -a0 - 98f?
-a2f
In base 11, what is -42353947 - -2?
-42353945
In base 15, what is 8dc7 + -897?
8530
In base 3, what is 110212012 + -22110?
110112202
In base 8, what is 1113035610 - 4?
1113035604
In base 12, what is -4 - 6307aa9?
-6307ab1
In base 12, what is -230 - -3b492?
3b262
In base 3, what is 1201021210011 - 122?
1201021202112
In base 2, what is 10100011100000001101111000001 + -10?
10100011100000001101110111111
In base 9, what is 6324627 - -13?
6324641
In base 12, what is 2514436 + 0?
2514436
In base 10, what is 5 + 2899554?
2899559
In base 8, what is 12222746 - 61?
12222665
In base 14, what is -d76bd + -85?
-d7764
In base 5, what is -413010 - 3041?
-421101
In base 14, what is 27c0 + 458d?
6d6d
In base 13, what is -35850 - 54?
-358a4
In base 15, what is 74 - -32dbe?
32e43
In base 13, what is -169 + 522?
386
In base 11, what is -6805a4 - 5?
-6805a9
In base 16, what is -16e8 + -2c582?
-2dc6a
In base 2, what is -1110110000011011111010010 + -10000?
-1110110000011011111100010
In base 10, what is -1 - -86764?
86763
In base 11, what is -2421a3 - 25?
-242218
In base 15, what is -4491120 + -b?
-449112b
In base 2, what is 100101100 + 1000011101111001?
1000100010100101
In base 16, what is 1d + c2f33?
c2f50
In base 6, what is -4200114535 + 21?
-4200114514
In base 13, what is -413b + 5274?
1136
In base 13, what is 4 + 11b8109a?
11b810a1
In base 9, what is -1212 + -1583664?
-1584876
In base 2, what is 10110011011101 - -1111101100001100?
10010011111101001
In base 14, what is -11bd7c5a0 - 0?
-11bd7c5a0
In base 4, what is 23011 - -1002032202?
1002121213
In base 11, what is -56a2822 - -5?
-56a2818
In base 13, what is 1 + -3a3956?
-3a3955
In base 14, what is 67 - -31a080?
31a107
In base 2, what is -11000101 - -1101000001110100?
1100111110101111
In base 10, what is 1620444 - 72?
1620372
In base 11, what is 6035a79 + 7?
6035a85
In base 3, what is 11101002111 - 2011021?
11021221020
In base 5, what is 1014140 + -403?
1013232
In base 6, what is -140133431 + -12?
-140133443
In base 15, what is -e9de0 + -14?
-e9e04
In base 4, what is 331100002231 + 3?
331100002300
In base 5, what is -40201004341 - -33?
-40201004303
In base 13, what is 17bba9 + 3b?
17bc17
In base 2, what is -110100100010100010010010001 + -1?
-110100100010100010010010010
In base 14, what is 5 + dc79d?
dc7a4
In base 5, what is -11344112 - -21402?
-11322210
In base 6, what is -114553103 + -12?
-114553115
In base 16, what is -6 - a25cf4?
-a25cfa
In base 11, what is 14832 - 1943?
1299a
In base 3, what is 1021001 - 2210020021010?
-2210012000002
In base 11, what is 3 + 8963357?
896335a
In base 3, what is -202112110202 - -2201011?
-202102202121
In base 10, what is 2310 - -2128?
4438
In base 11, what is 1a81922 + 7?
1a81929
In base 5, what is -2 - 44314312303?
-44314312310
In base 7, what is 46301226 - 103?
46301123
In base 10, what is 912992 + 73?
913065
In base 12, what is b389ba + -5?
b389b5
In base 13, what is -43765 - -368?
-433ca
In base 8, what is -12 + 61334111?
61334077
In base 6, what is -155325202 + -10?
-155325212
In base 8, what is 42164647 + -13?
42164634
In base 8, what is -153270054 + -10?
-153270064
In base 2, what is 11001 + 11001100101111100?
11001100110010101
In base 2, what is -1101100100 + 100000010000001010110?
100000001110011110010
In base 11, what is 5 + -53217398?
-53217393
In base 8, what is -6 + 32315037?
32315031
In base 5, what is 12413 - 20201024?
-20133111
In base 10, what is 5 + 2893985?
2893990
In base 4, what is 21 - -1012033031300?
1012033031321
In base 16, what is -2 + 97b017?
97b015
In base 16, what is 4 + bbae9a?
bbae9e
In base 10, what is 181694 + 102?
181796
In base 8, what is -1055 - -1324?
247
In base 3, what is 10001111200 + 11211?
10001200111
In base 11, what is -43023 - -435?
-42699
In base 6, what is 34101 - -40514?
115015
In base 3, what is 201020 - -12222121?
20200211
In base 3, what is -2011001211000 + -12?
-2011001211012
In base 12, what is 7529 - -814b?
13678
In base 8, what is 5564754 - 131?
5564623
In base 10, what is -9446504 - -1?
-9446503
In base 5, what is -1004322122 + 11?
-1004322111
In base 10, what is 9491922 + -3?
9491919
In base 10, what is -23 + -180808?
-180831
In base 2, what is 10 - 110010110000111101?
-110010110000111011
In base 10, what is 2339259 - 13?
2339246
In base 11, what is 18a213 + 4?
18a217
In base 12, what is 123084ba - -3?
12308501
In base 2, what is 1010010100011100111000 - -111001?
1010010100011101110001
In base 13, what is -11b - 5c092?
-5c1b0
In base 5, what is 1 + -31410244131?
-31410244130
In base 2, what is 110001 + 1001110011010010110001?
1001110011010011100010
In base 6, what is -2 - 1401242255?
-1401242301
In base 6, what is -543203055 - -31?
-543203024
In base 6, what is 30 + -303400351?
-303400321
In base 10, what is -4189 + -27825?
-32014
In base 13, what is -3a08 - -3c3?
-3615
In base 12, what is 161297 + 2b3?
16158a
In base 6, what is 2531 - 14314304?
-14311333
In base 10, what is 12189 + 2757?
14946
In base 9, what is -213785510 + -1?
-213785511
In base 16, what is -4f27 - -60?
-4ec7
In base 10, what is -49081 + 7647?
-41434
In base 13, what is 219ac643 + 0?
219ac643
In base 3, what is 12000021 - -1110201?
20110222
In base 11, what is -1 + 7094044?
7094043
In base 1